ommon divisor of 14 and v.
14
Let z(f) = f**3 + 11*f**2 - 13*f - 8. Let v be z(-12). Suppose -4*t + 176 = 4*j, 2 = -3*j + v*j. What is the greatest common factor of 14 and t?
14
Let a(k) = 4 - 3*k + 7 - 5 - 16*k. Let r be a(-3). What is the greatest common factor of 9 and r?
9
Suppose -a - 12*n = -15*n - 25, -3*n = 5*a - 143. What is the greatest common factor of a and 1988?
28
Let x(w) = -1 + 2*w**2 + 13*w - 13*w - 4*w**3. Let i be x(-1). Suppose -3*t - 360 = -i*t. Calculate the greatest common divisor of t and 20.
20
Let w = -805 + 876. What is the greatest common divisor of w and 3?
1
Let k = 38 - 35. Suppose k*c + 2*r = 10, 7*c - 2*c - 20 = -4*r. Suppose c*i + i = 13. Calculate the highest common factor of 91 and i.
13
Suppose -8 = -7*t + 6. Suppose -7 = -t*w + 1. Calculate the greatest common factor of 44 and w.
4
Let v(g) = 3*g**2 - 2*g - 1. Let l be v(2). Suppose 4*y - 32 = -4*u + 40, -12 = -2*y + 4*u. What is the highest common divisor of y and l?
7
Let a = -80 + 56. Let q be 977/(-7) + a/56. Let g be 1 + -1 + q/(-10). Calculate the greatest common factor of g and 7.
7
Let r(l) = -10 - l + 2*l - 6*l + 15. Let p(h) = -1. Let i(o) = 2*p(o) + r(o). Let k be i(-12). Calculate the highest common factor of k and 7.
7
Suppose -1 = -115*v + 114*v. Calculate the greatest common factor of v and 47.
1
Suppose -4*c - 7 = d, 40 = -2*d + c + 4*c. Let v = 3 - d. Suppose -4*i + 2*i = 3*g - v, -2*i = 5*g - 14. Calculate the highest common divisor of 30 and i.
6
Suppose 573*j - 182 = 571*j. Calculate the highest common factor of 13 and j.
13
Let o be ((-129)/6)/(1*(-1)/10). What is the highest common divisor of 43 and o?
43
Let t(f) = 3*f + 5. Let m be t(6). Let g(y) = -y - 6. Let h be g(-11). Let u be 6/15 + m/h. What is the greatest common factor of u and 5?
5
Suppose 2*q = 64 + 26. Let o(y) = -2*y**2 + 42*y + 5. Let u be o(11). Calculate the greatest common divisor of q and u.
45
Let d(z) = -4*z + 15. Let j be d(4). Let p(w) = -10*w**3 + w**2 + w + 1. Let f be p(j). Calculate the highest common factor of f and 33.
11
Suppose -11 + 7 = -2*j, 0 = -3*x - 2*j + 25. Calculate the highest common divisor of x and 5.
1
Let r = 3234 - 1426. Calculate the greatest common divisor of 16 and r.
16
Let a be -7*((-3)/5)/(23/230). Let h be (2 - 4) + (-60)/(-2). Calculate the greatest common factor of a and h.
14
Suppose 3*t - 344 = 136. Suppose -5*p - u + 4 = -t, p = u + 34. Calculate the greatest common factor of 3 and p.
3
Let h(c) = -2*c**2 - c. Let r be h(1). Let d = 111 - 51. Let n be d/(8/2) + r. Calculate the greatest common factor of n and 30.
6
Let d(r) = 4*r - 62. Let y be d(16). Suppose 5*v - 139 + 59 = 0. What is the greatest common factor of y and v?
2
Let s be 9 + -6 + (-27)/(-3). What is the greatest common factor of s and 2292?
12
Let p(m) = -m**2 - 23*m + 8. Let c be p(-7). Calculate the greatest common factor of c and 72.
24
Suppose 0*q + 4*i - 288 = -3*q, 5*q - 463 = -i. Calculate the highest common divisor of q and 1150.
46
Let r(i) = i**3 - 9*i**2 + 20*i - 30. Let y be r(7). Let b = 33 + -9. What is the highest common factor of b and y?
12
Suppose 25 = -4*z - 3*y + 117, -24 = -z - y. Calculate the highest common factor of 148 and z.
4
Let i = 151 + -107. Let v be ((-1)/(-1))/(4/i). Calculate the greatest common divisor of 11 and v.
11
Let y(t) = -49*t + 42. Let i be y(-3). Suppose 4*p - m - i = 0, 5*p - 50 = 2*m + 184. What is the greatest common factor of 32 and p?
16
Let p(d) = -d + 22. Let v be p(17). Let r be 6/v*330/12. Let h be (-1 - -4) + 19 + 0. What is the highest common factor of r and h?
11
Let x(m) = -m**2 + 12*m - 6. Let f be x(11). Suppose 2*n = -2*n + h + 69, 0 = -f*n + 3*h + 95. Let i = n + 2. What is the greatest common divisor of 27 and i?
9
Suppose r = -2*s - 2*r + 36, 2*r = -4*s + 64. Suppose 0 = -g - s + 51. Calculate the highest common divisor of 396 and g.
36
Suppose 9 - 5 = 2*m. Suppose 0 = -0*j - 4*j - p + 24, 4*j = -m*p + 28. Suppose -j*g = -21 - 24. What is the greatest common factor of 9 and g?
9
Let g(v) = -v**3 + 2*v**2 + 4*v + 5. Let y be g(5). Let h = -40 - y. Calculate the highest common factor of 10 and h.
10
Let s be 922/8 - 55/220. Calculate the greatest common divisor of s and 92.
23
Let x = -2257 + 2271. Let p be 88/6 - (-4)/(-6). Calculate the highest common factor of p and x.
14
Suppose 5*q - 312 + 42 = 0. Calculate the greatest common factor of 27 and q.
27
Suppose 2*l - 194 = -4*i, 5*l = -0*i + 3*i + 511. Let j = l + -11. Calculate the highest common factor of j and 10.
10
Suppose 0*q + 9 = q. Let b = -2922 - -3012. Calculate the greatest common factor of b and q.
9
Suppose 293 = -6*f + 3125. What is the greatest common factor of f and 8?
8
Let s be (-3)/(-2)*220/(-120)*-32. What is the highest common factor of s and 110?
22
Let s be (-730)/3 + 3/9. Let z be s/(-12) - 6/(-8). Let r(g) = g**3 + 9*g**2 - 3*g - 4. Let b be r(-8). What is the greatest common divisor of b and z?
21
Let j = 8 - 2. Let d(k) = 6*k**2 + 5*k + 6. Let n(c) = -c**2. Let x(b) = d(b) + 4*n(b). Let g be x(-4). Calculate the highest common factor of g and j.
6
Suppose 145 + 47 = -3*j. Let i = 100 + j. Calculate the highest common factor of 9 and i.
9
Suppose -z = 5*a - a - 65, -10 = -2*z. Calculate the greatest common divisor of a and 120.
15
Let d = 4 - 8. Let x be (146/4 + d)*12/15. Calculate the highest common divisor of x and 26.
26
Let j be (-7 + 52/10)*(-200)/15. Calculate the greatest common divisor of 184 and j.
8
Let b be (-6266)/(-7) + (1296/84)/18. Calculate the greatest common factor of 112 and b.
112
Let t = 641 + -351. What is the greatest common divisor of t and 174?
58
Let j = 1470 - 1420. Calculate the greatest common factor of j and 110.
10
Let f = -18 - -12. Let b be 112/(-42) + (-4)/f. Let k be 23 + (1 + b - 2). What is the greatest common divisor of 30 and k?
10
Suppose 24 = 7*x - 4*x. Suppose 8 = 2*v, -h + 2*v = -0*v + x. Let q be 248/8 + -1 + h. Calculate the greatest common factor of q and 12.
6
Suppose -2*q + 165 + 81 = 0. Let r = 132 - 50. What is the highest common divisor of q and r?
41
Let g be 9*(-4 + 2)/(-6). Suppose 6*d = g*d. Let w(t) = t**3 - t**2 + t + 60. Let u be w(d). Calculate the greatest common factor of u and 12.
12
Suppose -42 = 4*w + 22. Let v = w - -48. What is the highest common divisor of 8 and v?
8
Let o = -23 - -21. Let y be (o/(-3) - 1)/(20/(-240)). Calculate the highest common divisor of 36 and y.
4
Let q(c) = -c**3 - c**2 - c + 1. Let m(s) = 3*s - 17. Let k be m(5). Let v be q(k). What is the greatest common divisor of 49 and v?
7
Let s(a) = a**3 + 11*a**2 + 19*a - 4. Let j be s(-6). What is the highest common factor of j and 496?
62
Let g be ((-21)/(-6))/((10 - 4)/36). What is the highest common divisor of g and 175?
7
Suppose 6*w - 1268 + 128 = 0. What is the greatest common divisor of w and 10?
10
Let t be ((-16)/10)/((-8)/(-960)*-2). Calculate the greatest common divisor of 84 and t.
12
Let w be (-7 - -798) + 7 - 6. What is the highest common divisor of w and 72?
72
Let a = 1301 - 275. What is the greatest common divisor of a and 54?
54
Suppose 4*q - 9*q = -2*w - 10, -4*w = 5*q - 10. Calculate the highest common divisor of q and 74.
2
Let o(w) = 3*w**2 + 54*w - 44. Let j be o(-39). What is the highest common divisor of j and 19?
19
Let m be (3 - 4)/(2/(-12)). Let g be (-744)/(-56) - m/21. What is the highest common divisor of g and 13?
13
Suppose -68*l + 7216 = -24*l. What is the greatest common factor of 1394 and l?
82
Let u be 2/11 + (-42)/(-11) + -1. Let t be (-2)/u*(-612)/12. Calculate the greatest common factor of t and 17.
17
Suppose -5*f = 4 + 1. Let u = f - -4. Suppose 0 = -j - 4*b + 29, -4*b = 30 - 50. Calculate the highest common divisor of j and u.
3
Suppose 106 + 74 = 9*o. What is the highest common factor of 470 and o?
10
Suppose -12*n - 23*n = -945. Suppose -3*q + 47 = -5*j, 4*q - q - 7 = -5*j. Calculate the highest common divisor of q and n.
9
Let g = -453 + 646. Suppose 5*r + 2*b - g = 2*r, 2*r - 136 = -5*b. What is the greatest common divisor of r and 9?
9
Let p be (-18)/63 + 198/7. What is the highest common factor of p and 56?
28
Let y = 29 + -22. What is the highest common factor of y and 329?
7
Let l be 74 + -4*(-1 - (-15)/10). Suppose -4*u = -4*x + 92, 0 